- 1. Let r be x(1). Let h = -138 + 144. Suppose r*c + h = -c. Let a(u) = u**3 + 5*u**2 - 6*u + 1. Calculate a(c).
1
Let m(w) be the second derivative of w**5/20 - 5*w**4/6 + 13*w**3/3 - 3*w**2 - 10*w - 1. Let n be m(6). Let f(v) = 4*v - 16. What is f(n)?
8
Suppose -6*i = -13 - 53. Let y(a) = 2*a**2 - 24*a + 12. Calculate y(i).
-10
Let r be (11 + 0)/(5 + -11 + 7). Let l(h) = -5*h**2 + 3*h - 5*h + 0*h**3 + h**3 + 13 - 6*h**2. What is l(r)?
-9
Suppose 2*t - 3 = -1. Let w be t/3*(37 - 1). Suppose 5*f + f = -w. Let m(v) = -6*v - 2. Determine m(f).
10
Let p(j) = j**2 - j - 1. Let v(o) = 9*o**3 + 4*o**2 - o - 6. Let u(k) = 3*p(k) - v(k). What is u(2)?
-77
Let u(p) = -p. Let k(z) = -6*z + 1. Let d(a) = -k(a) + 5*u(a). Let t be (-1)/2*(-1596)/342 + 1/(-3). Calculate d(t).
1
Let n(f) be the third derivative of 4*f**5/5 - f**4/24 + f**3/6 + 3377*f**2. What is n(-1)?
50
Suppose -8 = -d + f, 2*d + 0*d - 3*f = 12. Let q(r) = -10 - 7 + r**2 - 2 + d. What is q(0)?
-7
Let p(n) = 4 - 3*n**2 - 16*n**2 - n**3 - n**2 - 1 - 18*n. What is p(-19)?
-16
Let n = 14 - 9. Let u(b) = 327*b**3 - 3 - 45*b + 47*b - 326*b**3 - 6*b**2. Determine u(n).
-18
Suppose -5*v + 719 = -5*g + 4, 0 = 2*g - 4*v + 284. Let n = g - -146. Let o(x) = -x**3 + 2*x**2 + x - 2. What is o(n)?
0
Suppose 192 + 171 = 121*u. Let q(a) = a - 2. What is q(u)?
1
Let m(h) = -h**3 - h**2 + 2. Let j(v) = 2*v + 22. Let b be j(-12). Let q be (b - -2)/(6 - 5). Give m(q).
2
Let m(b) be the second derivative of 5*b**3/3 + 109*b**2/2 + 2521*b. Give m(-11).
-1
Let u(k) be the first derivative of 1/4*k**4 + 0*k**2 + 67 - 2*k + 2/3*k**3. Give u(-2).
-2
Suppose -4*t + 43*n - 39*n + 12 = 0, 4*t + 2*n + 36 = 0. Let c(q) = -4*q**2 - 19*q - 10. What is c(t)?
-15
Let v = 8674 + -8661. Let m(w) = -3*w**2 + 36*w + 41. Calculate m(v).
2
Let w(l) be the second derivative of -1/2*l**3 + 138*l + 0 - 15/2*l**2. Calculate w(-6).
3
Let m = -1199 + 1195. Let v(l) = 3*l**2 + 11*l + 6. Give v(m).
10
Let a(l) = -l + 7. Suppose -7*j - 9 + 23 + 14 = 0. Calculate a(j).
3
Let u(n) = -8*n - 13. Let z be u(3). Let c = z - -82. Let r be (4/(-10))/(3/c). Let w(q) = q**2 + 6*q. Give w(r).
0
Suppose -2*f - 1525 = -t - 1554, -4*t = 3*f - 82. Let j(q) = -2*q**3 + 34*q**2 + 37*q - 21. What is j(f)?
-3
Let c be 1*(4/12*9 + -310). Let p = c + 949. Let h(n) = p + 2*n - 3*n - 644. Give h(3).
-5
Let m(y) = y**3 - 8*y**2 - 11*y + 4. Let x(f) = -22*f - 431. Let i be x(-20). What is m(i)?
-14
Let i(v) = -v**2 + 9*v + 27. Let s = 19344 + -19333. Calculate i(s).
5
Let c(q) = -1 - 1 + 8 - q. Let y = -351836 + 351846. Give c(y).
-4
Let b = 5146 - 5155. Let w = -1 - -3. Let y(u) = 9*u + w*u**2 + 2 - u**2 - 6. What is y(b)?
-4
Let a(x) = 69*x + 1. Let n be -4 + -1 - (-9)/(54/24). What is a(n)?
-68
Suppose -49 = 4*s - 77. Let p = 3 - 0. Let o(q) = q + 6*q**2 - 6 + q**3 + q + q**2 - 2*q**p. Determine o(s).
8
Let i be (5/15)/(2/(-66)). Let o(u) = -47*u + 1. Let y(n) = 280*n - 25. Let w(a) = 6*o(a) + y(a). What is w(i)?
3
Let p(r) = -3*r - 19 - r**2 - 5 + 30 + 6*r**2. Let s(l) = -6*l**2 + 4*l - 7. Let d(b) = -5*p(b) - 4*s(b). What is d(-2)?
-4
Let h(l) = -l**2 - 9*l - 17. Suppose 3*i + 380 = -v, -4*v = -6*i + 9*i + 1475. Let a = -371 - v. Calculate h(a).
1
Let w(u) = -u**2 - 8*u - 20. Suppose 0 = 85*j + 174 + 251. Give w(j).
-5
Let l(p) = 2*p - 6. Let t(h) be the first derivative of h**4/4 - 17*h**2/2 - 4*h - 16. Let s be t(-4). Determine l(s).
-6
Let a be 7/3 + (-4)/(-6). Let l(k) be the first derivative of k**4/8 - k**3/6 - 111*k**2/2 - 641. Let y(u) be the second derivative of l(u). What is y(a)?
8
Let h(p) be the third derivative of p**5/60 + p**4/3 - p**3/6 - 5*p**2. Suppose 8*a - 9*a = 0. Suppose g + 5*x + 10 - 2 = a, -x = -4*g - 32. Give h(g).
-1
Let r be (-3)/(((-35)/10)/7). Suppose -r*g - 4 = -8*g. Let w(v) = 8*v**3 - 11*v**3 - 3*v + 4*v - 3*v**g + 5*v**3. Give w(2).
6
Let d(a) be the second derivative of 41*a**3/6 + 127*a**2/2 + 20*a - 4. Give d(-3).
4
Let z(f) be the first derivative of 3/2*f**2 - 4/3*f**3 - 2*f + 26. What is z(2)?
-12
Let j be (-8)/14*(15750/(-36))/125. Let l(k) be the third derivative of k**5/20 - k**4/24 - k**3/6 + 2*k**2. What is l(j)?
9
Let w(t) be the second derivative of t**5/10 + t**4/6 - t**2/2 + 135*t. Suppose 3*s - 11 = -38. Let v be -5 + 2/((-6)/s). Determine w(v).
-9
Let j = -134 - -138. Let y(s) = -45*s + 25*s + j*s**2 + s**3 + 21*s - 4*s**2 - 28. Determine y(0).
-28
Let f(k) = 18*k + 11 + 140*k**2 - 54 - 141*k**2 - 23. Give f(9).
15
Suppose -42*m - 59*m + 140 + 466 = 0. Let c(k) = -k**3 + 7*k**2 + 2*k - 7. What is c(m)?
41
Let v(j) be the first derivative of -j**3/3 - 7*j**2/2 + 35*j + 10761. What is v(0)?
35
Let m(d) = d**3 + 22*d + 48. Let b be m(-2). Let p(c) = 7*c + 3. Let o(k) = 5*k + 2. Let n(g) = b*o(g) + 3*p(g). What is n(2)?
3
Let n = -516 + 516. Suppose t + 53*a = 49*a - 6, n = -3*a - 3. Let s(p) be the second derivative of -p**3/2 - p**2/2 + p. Give s(t).
5
Let j(f) = -f**3 + 4*f**2 - 4*f + 5. Suppose 2*k - 12 = 4*w, -19*w + 9 = 2*k - 20*w. Suppose 0 = i - k. What is j(i)?
-11
Let y(t) = -t**3 - 22*t**2 - 40*t - 9. Let w(n) = 13*n**2 + 81*n - 2. Let d be w(-6). Give y(d).
-9
Suppose 0 = -5*k + 3*k - 8. Let z(h) be the third derivative of 1/8*h**4 - 53*h**2 - 1/6*h**3 + 0 + 1/60*h**5 + 0*h. Give z(k).
3
Let d(c) be the second derivative of 2*c**4 + 23*c**3/6 - 27*c**2/2 + 27*c. Let u(h) = 13*h**2 + 12*h - 14. Let s(i) = 6*d(i) - 11*u(i). Calculate s(-6).
-8
Let h(m) = m**3 + 15*m**2 - 18*m - 25. Suppose 26*w + 303 = 63 - 176. Determine h(w).
7
Let w = 4126 - 4167. Let q(b) = b**3 + 38*b**2 - 122*b + 42. Determine q(w).
1
Let i(m) = m**3 + 9*m**2 - 11*m - 6. Let q be i(-10). Suppose 0 = -4*x - q*v - v - 17, 4*v = -20. Let y(b) = -3*b - 14*b**2 + 1 - x + 15*b**2. Calculate y(3).
-1
Let q(f) = 0*f**3 + 5*f**2 + f - f**3 + 5 + f - 6*f. Let h be (1 - (1 + -1))/((-4)/(-16)). Calculate q(h).
5
Let o(w) = 25*w**2 - 50*w + 24. Let r(z) = -18*z**2 + 36*z - 16. Let i(x) = -5*o(x) - 7*r(x). Give i(0).
-8
Let z(p) = p**2 + 58*p + 2. Let m(l) = -9*l**2 - 472*l - 21. Let s(t) = m(t) + 8*z(t). Let j(b) = -b**2 - 6*b - 6. Let u be j(-6). Calculate s(u).
7
Suppose -4*i - 60 = -4*g, -69 = 4*g - 9*g + 3*i. Let m(w) = -5*w + 11. Determine m(g).
-49
Let m(d) = d**3 + 6*d**2 + 4*d - 5. Let l(n) = n**2 - 4. Let b be l(4). Suppose -4*u = p + b, p - 3*u - 1 = 1. Determine m(p).
11
Let u be (-2)/(-13) - 33/(-39). Suppose 9*m - 227 = -20. Let x(z) = m*z**2 + 17 + 10 - 27. Determine x(u).
23
Suppose -19 = 5*a + 21. Let x(v) = -v**3 - 9*v**2 - 9*v - 2. Let y be x(a). Let m(c) be the third derivative of -c**4/24 + 13*c**3/6 - 88*c**2. Determine m(y).
7
Let m(l) = -26*l**3 - 15*l - 738 + 27*l**3 + l**2 - 761 + 1523. Give m(2).
6
Let x(q) = -2*q**2 - 7*q - 6. Let r(v) = 3*v**2 + 10*v + 9. Let l = -57 + 65. Let g(y) = l*x(y) + 5*r(y). Let w = -31 - -24. Calculate g(w).
-10
Let m(v) = 8 + v**2 + 8*v + 2 - 1. Let y(c) = -46*c + 322. Let i be y(7). Suppose 3*l + 0*l + 18 = i. What is m(l)?
-3
Let p(g) = 4*g**3 + 9*g**2 - 25*g - 47. Let n(v) = 5*v**3 + 11*v**2 - 26*v - 43. Let m(k) = -3*n(k) + 4*p(k). Give m(-3).
7
Let a(i) = -5*i**2 + 16*i - 8. Let l(f) = 14*f**2 - 47*f + 23. Let d(w) = -11*a(w) - 4*l(w). Suppose 35*j - 162 - 303 + 80 = 0. What is d(j)?
7
Suppose 4*y - 21 + 1 = 0. Suppose 0 = -4*h + y*w - w - 16, 0 = -2*w - 6. Let v(g) = 11*g**3 - 7*g + 6*g**2 - 2*g - 10*g**3 - 8. Determine v(h).
6
Let g(t) = -10*t + 2*t - t**2 + 9 + t. Suppose 0 = 2*l + c + 18, -c + 214 = 218. Calculate g(l).
9
Let l(r) be the second derivative of -2*r**5/5 - 3*r**4/4 - r**3/2 - r**2 - 19*r + 102. Give l(-2).
32
Let o(c) = -2*c**2 - 2*c - 6. Let f(d) = 41*d + 38. Let k be f(-1). What is o(k)?
-18
Let w(z) = 3 + 6 - 3*z - z + 5*z. Suppose -2*y - 46 = -5*t - 3*y, 4*y = -t - 6. Suppose -5*n + 5*o = -t*n, 0 = -n - 4*o. Give w(n).
9
Let m(g) be the first derivative of -g**2 - 7*g + 43. Let u = -204 + 200. What is m(u)?
1
Suppose -p - 8 = -3*q, 2*p + 22*q = 19*q + 29. Suppose 2*d - 5*u - 31 = 0, 5 = -d - 2*u + p. Let c(o) = -o**3 + 7*o**2 + 9*o + 1. Determine c(d).
9
Let a(d) = -13*d. Suppose -k - m + 2*m + 606 = 0, 5*k = -2*m + 3044. Let l(z) = -616 + k + 0*z - 2*z. Let j be l(-5). Give a(j).
-26
Let o = -163 - -153. Let k(t) = -2*t - 9. Let r(d) = -2*d - 9. Let j(h)